ided by 61582.
33
What is the remainder when 192785771 is divided by 65?
61
Calculate the remainder when 3063865 is divided by 603.
22
What is the remainder when 811167 is divided by 45055?
177
Calculate the remainder when 24558 is divided by 1139.
639
What is the remainder when 624504 is divided by 1201?
1185
What is the remainder when 362896 is divided by 16441?
1194
Calculate the remainder when 928389 is divided by 132577.
350
What is the remainder when 7490 is divided by 5409?
2081
Calculate the remainder when 2447663 is divided by 611908.
31
What is the remainder when 239869907 is divided by 203?
32
What is the remainder when 31238261 is divided by 2231304?
5
Calculate the remainder when 8111978 is divided by 20.
18
Calculate the remainder when 2902253 is divided by 967243.
524
What is the remainder when 35977 is divided by 11839?
460
What is the remainder when 13383 is divided by 469?
251
Calculate the remainder when 7264024 is divided by 594.
592
Calculate the remainder when 4618083 is divided by 2543.
2538
Calculate the remainder when 231366 is divided by 3152.
1270
Calculate the remainder when 59238318 is divided by 72.
30
What is the remainder when 16282288 is divided by 107?
98
What is the remainder when 3001093 is divided by 100?
93
What is the remainder when 406826270 is divided by 19?
18
Calculate the remainder when 517406131 is divided by 104.
99
What is the remainder when 714323 is divided by 3328?
2131
What is the remainder when 19036708 is divided by 79?
78
Calculate the remainder when 11730677 is divided by 1667.
1665
Calculate the remainder when 587055 is divided by 395.
85
Calculate the remainder when 44369 is divided by 14636.
461
Calculate the remainder when 1496472 is divided by 93.
9
Calculate the remainder when 67388 is divided by 6102.
266
Calculate the remainder when 949808 is divided by 949490.
318
What is the remainder when 416802 is divided by 1414?
1086
Calculate the remainder when 20242293 is divided by 4048435.
118
What is the remainder when 53720003 is divided by 111?
110
Calculate the remainder when 1068094 is divided by 4376.
350
What is the remainder when 39909383 is divided by 124?
107
What is the remainder when 1969236 is divided by 471?
456
Calculate the remainder when 318489 is divided by 36.
33
What is the remainder when 25203355 is divided by 62?
45
What is the remainder when 10755082 is divided by 36?
10
What is the remainder when 52564440 is divided by 9?
3
What is the remainder when 384281 is divided by 95975?
381
What is the remainder when 4853290 is divided by 23?
14
What is the remainder when 1154884834 is divided by 1946?
1944
Calculate the remainder when 22677418 is divided by 809906.
50
Calculate the remainder when 4049268 is divided by 289233.
6
Calculate the remainder when 28706501 is divided by 5741293.
36
Calculate the remainder when 6515 is divided by 359.
53
What is the remainder when 3514502 is divided by 272?
262
What is the remainder when 86972576 is divided by 8?
0
Calculate the remainder when 189667823 is divided by 262.
259
What is the remainder when 10455 is divided by 557?
429
What is the remainder when 32016596 is divided by 9?
5
What is the remainder when 817360 is divided by 151?
148
Calculate the remainder when 46189 is divided by 1069.
222
What is the remainder when 588001 is divided by 514?
499
Calculate the remainder when 1705699 is divided by 2305.
2304
What is the remainder when 14219171 is divided by 29378?
219
Calculate the remainder when 2148831 is divided by 22617.
216
Calculate the remainder when 202564659 is divided by 10.
9
What is the remainder when 94627 is divided by 1063?
20
What is the remainder when 786246 is divided by 5040?
6
Calculate the remainder when 25331 is divided by 4733.
1666
Calculate the remainder when 97181 is divided by 32385.
26
What is the remainder when 483327 is divided by 649?
471
What is the remainder when 779085 is divided by 815?
760
Calculate the remainder when 64930 is divided by 3599.
148
Calculate the remainder when 615283 is divided by 45.
43
What is the remainder when 37948967 is divided by 140?
7
Calculate the remainder when 187192 is divided by 93495.
202
Calculate the remainder when 2744041 is divided by 685970.
161
Calculate the remainder when 210594482 is divided by 99.
98
Calculate the remainder when 20630 is divided by 756.
218
What is the remainder when 59318722 is divided by 115?
112
What is the remainder when 21052 is divided by 2992?
108
What is the remainder when 2924791 is divided by 319?
199
Calculate the remainder when 5296361 is divided by 3489.
59
Calculate the remainder when 235374 is divided by 3095.
154
What is the remainder when 583128 is divided by 1133?
766
What is the remainder when 45899 is divided by 7605?
269
What is the remainder when 90205 is divided by 384?
349
What is the remainder when 2915 is divided by 852?
359
What is the remainder when 6077733 is divided by 25?
8
What is the remainder when 256301 is divided by 3392?
1901
What is the remainder when 755825 is divided by 247?
5
Calculate the remainder when 1918601 is divided by 43.
27
What is the remainder when 99276 is divided by 2678?
190
What is the remainder when 353548 is divided by 126?
118
Calculate the remainder when 1213110 is divided by 67.
8
What is the remainder when 32900 is divided by 15761?
1378
What is the remainder when 883320 is divided by 176647?
85
Calculate the remainder when 6168311 is divided by 7090.
11
Calculate the remainder when 10102363 is divided by 407.
216
Calculate the remainder when 1371834 is divided by 4588.
22
What is the remainder when 3208006 is divided by 4596?
4594
Calculate the remainder when 8181 is divided by 5177.
3004
Calculate the remainder when 21756901 is divided by 5909.
5872
Calculate the remainder when 594184 is divided by 118745.
459
What is the remainder when 400990947 is divided by 450?
447
What is the remainder when 2781024 is divided by 347622?
48
Calculate the remainder when 11067400 is divided by 16.
8
Calculate the remainder when 187369 is divided by 753.
625
What is the remainder when 32957439 is divided by 160?
159
Calculate the remainder when 785826 is divided by 98193.
282
Calculate the remainder when 16920171 is divided by 580.
411
What is the remainder when 27743990 is divided by 38?
0
Calculate the remainder when 7189297 is divided by 613.
33
What is the remainder when 251134 is divided by 1931?
104
Calculate the remainder when 647014 is divided by 26953.
142
Calculate the remainder when 52751194 is divided by 245.
244
Calculate the remainder when 17730 is divided by 1577.
383
What is the remainder when 100739 is divided by 3968?
1539
What is the remainder when 2717878 is divided by 638?
636
Calculate the remainder when 1618267 is divided by 205.
202
What is the remainder when 8878218 is divided by 200?
18
What is the remainder when 2481064 is divided by 620248?
72
What is the remainder when 69769 is divided by 4098?
103
Calculate the remainder when 381448 is divided by 29338.
54
Calculate the remainder when 83940 is divided by 3555.
2175
Calculate the remainder when 1583314 is divided by 11229.
25
Calculate the remainder when 19945629 is divided by 38.
37
Calculate the remainder when 1701210 is divided by 12986.
44
Calculate the remainder when 146852 is divided by 11290.
82
What is the remainder when 85418 is divided by 4267?
78
What is the remainder when 928207363 is divided by 807?
805
Calculate the remainder when 1564453 is divided by 602.
457
What is the remainder when 23540 is divided by 21830?
1710
Calculate the remainder when 59297855 is divided by 535.
60
What is the remainder when 24321917 is divided by 890?
887
What is the remainder when 605321555 is divided by 12?
11
What is the remainder when 1151879 is divided by 383950?
29
What is the remainder when 1693339 is divided by 16?
11
Calculate the remainder when 48130 is divided by 8012.
58
Calculate the remainder when 1423056 is divided by 16547.
14
Calculate the remainder when 142727 is divided by 149.
134
Calculate the remainder when 345312 is divided by 21575.
112
Calculate the remainder when 64357 is divided by 1403.
1222
Calculate the remainder when 1378078 is divided by 1160.
1158
Calculate the remainder when 